{"id":27,"date":"2023-11-16T21:08:42","date_gmt":"2023-11-16T21:08:42","guid":{"rendered":"https:\/\/raonio.com.br\/loja-virtual\/?post_type=product&#038;p=27"},"modified":"2023-11-22T15:08:27","modified_gmt":"2023-11-22T18:08:27","slug":"balm-para-barba-barbasuave","status":"publish","type":"product","link":"https:\/\/raonio.com.br\/loja-virtual\/product\/balm-para-barba-barbasuave\/","title":{"rendered":"Balm para Barba &#8220;BarbaSuave&#8221;"},"content":{"rendered":"<div class=\"flex-1 overflow-hidden\">\n<div class=\"react-scroll-to-bottom--css-rvfnu-79elbk h-full\">\n<div class=\"react-scroll-to-bottom--css-rvfnu-1n7m0yu\">\n<div class=\"flex flex-col text-sm gizmo:pb-9 dark:bg-gray-800 gizmo:dark:bg-transparent\">\n<div class=\"w-full text-token-text-primary border-b border-black\/10 gizmo:border-0 dark:border-gray-900\/50 gizmo:dark:border-0 bg-gray-50 gizmo:bg-transparent dark:bg-[#444654] gizmo:dark:bg-transparent\" data-testid=\"conversation-turn-11\">\n<div class=\"p-4 gizmo:py-2 justify-center text-base md:gap-6 md:py-6 m-auto\">\n<div class=\"flex flex-1 gap-4 text-base mx-auto md:gap-6 gizmo:gap-3 gizmo:md:px-5 gizmo:lg:px-1 gizmo:xl:px-5 md:max-w-2xl lg:max-w-[38rem] gizmo:md:max-w-3xl gizmo:lg:max-w-[40rem] gizmo:xl:max-w-[48rem] xl:max-w-3xl } group final-completion\">\n<div class=\"relative flex w-[calc(100%-50px)] flex-col gizmo:w-full lg:w-[calc(100%-115px)] agent-turn\">\n<div class=\"flex-col gap-1 md:gap-3\">\n<div class=\"flex flex-grow flex-col max-w-full gap-3 gizmo:gap-0\">\n<div class=\"min-h-[20px] text-message peer flex flex-col items-start gap-3 whitespace-pre-wrap break-words peer-[.text-message]:mt-5 overflow-x-auto\" data-message-author-role=\"assistant\" data-message-id=\"46c0631d-c569-4450-a469-0dcba980b312\">\n<div class=\"markdown prose w-full break-words dark:prose-invert dark\">\n<p>Desenvolvido para homens que valorizam uma barba bem-cuidada e cheia de estilo, o Balm para Barba BarbaSuave \u00e9 a escolha perfeita para proporcionar hidrata\u00e7\u00e3o intensa, controle e um toque de sofistica\u00e7\u00e3o ao seu visual.<\/p>\n<p><strong>Caracter\u00edsticas Principais:<\/strong><\/p>\n<ol>\n<li><strong>Hidrata\u00e7\u00e3o Profunda:<\/strong> A f\u00f3rmula exclusiva deste balm combina ingredientes naturais como \u00f3leo de argan e manteiga de karit\u00e9, proporcionando uma hidrata\u00e7\u00e3o profunda que revitaliza os fios da barba, evitando o ressecamento e a coceira.<\/li>\n<li><strong>Controle e Modelagem:<\/strong> Al\u00e9m de nutrir, o BarbaSuave oferece controle para os fios rebeldes, facilitando a modelagem da barba e garantindo um acabamento impec\u00e1vel.<\/li>\n<li><strong>Textura N\u00e3o Oleosa:<\/strong> Sua textura leve e de r\u00e1pida absor\u00e7\u00e3o evita a sensa\u00e7\u00e3o pegajosa e a oleosidade excessiva, deixando a barba macia e com um toque suave.<\/li>\n<li><strong>Fragr\u00e2ncia Distinta:<\/strong> A fragr\u00e2ncia exclusiva do BarbaSuave combina notas amadeiradas e c\u00edtricas, conferindo um aroma marcante e sofisticado \u00e0 sua barba.<\/li>\n<li><strong>Cuidado Di\u00e1rio:<\/strong> Perfeito para uso di\u00e1rio, o balm complementa sua rotina de cuidados, garantindo que sua barba permane\u00e7a saud\u00e1vel, alinhada e irresist\u00edvel.<\/li>\n<\/ol>\n<p>Experimente a sensa\u00e7\u00e3o de uma barba bem-hidratada e estilizada. Adquira agora o Balm para Barba BarbaSuave e descubra como \u00e9 f\u00e1cil manter sua barba impec\u00e1vel todos os dias.<\/p>\n<\/div>\n<\/div>\n<\/div>\n<div class=\"flex justify-between empty:hidden gizmo:mt-1 gizmo:justify-start gizmo:gap-3 lg:block gizmo:lg:flex\">\n<div class=\"text-gray-400 flex self-end lg:self-center justify-center gizmo:lg:justify-start mt-2 gizmo:mt-0 visible gap-1\">\n<p>&nbsp;<\/p>\n<div class=\"flex gap-1\"><\/div>\n<div class=\"flex items-center gap-1.5 text-xs\"><\/div>\n<\/div>\n<\/div>\n<\/div>\n<\/div>\n<\/div>\n<\/div>\n<\/div>\n<\/div>\n<\/div>\n<\/div>\n<\/div>\n<div class=\"w-full pt-2 md:pt-0 border-t md:border-t-0 gizmo:border-t-0 dark:border-white\/20 md:border-transparent md:dark:border-transparent md:pl-2 gizmo:pl-0 gizmo:md:pl-0 md:w-[calc(100%-.5rem)]\">\n<form class=\"stretch mx-2 flex flex-row gap-3 last:mb-2 md:mx-4 md:last:mb-6 lg:mx-auto lg:max-w-2xl xl:max-w-3xl\">\n<div class=\"relative flex h-full flex-1 items-stretch md:flex-col\">\n<div class=\"flex w-full items-center\"><\/div>\n<\/div>\n<\/form>\n<\/div>\n","protected":false},"excerpt":{"rendered":"<p>Hidrata\u00e7\u00e3o intensa, controle de fios e fragr\u00e2ncia marcante. Transforme sua barba com praticidade e estilo.<\/p>\n","protected":false},"featured_media":28,"comment_status":"open","ping_status":"closed","template":"","meta":{"_kad_post_transparent":"","_kad_post_title":"","_kad_post_layout":"","_kad_post_sidebar_id":"","_kad_post_content_style":"","_kad_post_vertical_padding":"","_kad_post_feature":"","_kad_post_feature_position":"","_kad_post_header":false,"_kad_post_footer":false},"product_brand":[],"product_cat":[73,23],"product_tag":[24,25,20],"class_list":{"0":"post-27","1":"product","2":"type-product","3":"status-publish","4":"has-post-thumbnail","6":"product_cat-balm","7":"product_cat-barba","8":"product_tag-balm","9":"product_tag-barba","10":"product_tag-masculino","12":"first","13":"instock","14":"taxable","15":"shipping-taxable","16":"purchasable","17":"product-type-simple","18":"entry","19":"content-bg","20":"loop-entry"},"jetpack_sharing_enabled":true,"_links":{"self":[{"href":"https:\/\/raonio.com.br\/loja-virtual\/wp-json\/wp\/v2\/product\/27","targetHints":{"allow":["GET"]}}],"collection":[{"href":"https:\/\/raonio.com.br\/loja-virtual\/wp-json\/wp\/v2\/product"}],"about":[{"href":"https:\/\/raonio.com.br\/loja-virtual\/wp-json\/wp\/v2\/types\/product"}],"replies":[{"embeddable":true,"href":"https:\/\/raonio.com.br\/loja-virtual\/wp-json\/wp\/v2\/comments?post=27"}],"wp:featuredmedia":[{"embeddable":true,"href":"https:\/\/raonio.com.br\/loja-virtual\/wp-json\/wp\/v2\/media\/28"}],"wp:attachment":[{"href":"https:\/\/raonio.com.br\/loja-virtual\/wp-json\/wp\/v2\/media?parent=27"}],"wp:term":[{"taxonomy":"product_brand","embeddable":true,"href":"https:\/\/raonio.com.br\/loja-virtual\/wp-json\/wp\/v2\/product_brand?post=27"},{"taxonomy":"product_cat","embeddable":true,"href":"https:\/\/raonio.com.br\/loja-virtual\/wp-json\/wp\/v2\/product_cat?post=27"},{"taxonomy":"product_tag","embeddable":true,"href":"https:\/\/raonio.com.br\/loja-virtual\/wp-json\/wp\/v2\/product_tag?post=27"}],"curies":[{"name":"wp","href":"https:\/\/api.w.org\/{rel}","templated":true}]}}